{"id":91,"date":"2022-11-17T17:40:06","date_gmt":"2022-11-17T17:40:06","guid":{"rendered":"https:\/\/www.speciamerica.org\/?page_id=91"},"modified":"2022-12-10T09:12:20","modified_gmt":"2022-12-10T09:12:20","slug":"business-and-investment-forum","status":"publish","type":"page","link":"https:\/\/www.speciamerica.org\/fr\/business-and-investment-forum\/","title":{"rendered":"Business and Investment Forum"},"content":{"rendered":"<div data-elementor-type=\"wp-page\" data-elementor-id=\"91\" class=\"elementor elementor-91\">\n\t\t\t\t\t\t<section class=\"elementor-section elementor-top-section elementor-element elementor-element-4a44d55 elementor-section-full_width elementor-section-height-default elementor-section-height-default\" data-id=\"4a44d55\" data-element_type=\"section\">\n\t\t\t\t\t\t<div class=\"elementor-container elementor-column-gap-default\">\n\t\t\t\t\t<div class=\"elementor-column elementor-col-100 elementor-top-column elementor-element elementor-element-c55ef49\" data-id=\"c55ef49\" data-element_type=\"column\">\n\t\t\t<div class=\"elementor-widget-wrap elementor-element-populated\">\n\t\t\t\t\t\t<div class=\"elementor-element elementor-element-0c07cff elementor-widget elementor-widget-image\" data-id=\"0c07cff\" data-element_type=\"widget\" data-widget_type=\"image.default\">\n\t\t\t\t<div class=\"elementor-widget-container\">\n\t\t\t<style>\/*! elementor - v3.19.0 - 28-02-2024 *\/\n.elementor-widget-image{text-align:center}.elementor-widget-image a{display:inline-block}.elementor-widget-image a img[src$=\".svg\"]{width:48px}.elementor-widget-image img{vertical-align:middle;display:inline-block}<\/style>\t\t\t\t\t\t\t\t\t\t<img fetchpriority=\"high\" decoding=\"async\" width=\"768\" height=\"431\" src=\"https:\/\/www.speciamerica.org\/wp-content\/uploads\/2022\/12\/6052793d-3533-4f59-bd19-63ec46e96919-768x431.jpg\" class=\"attachment-medium_large size-medium_large wp-image-891\" alt=\"\" srcset=\"https:\/\/www.speciamerica.org\/wp-content\/uploads\/2022\/12\/6052793d-3533-4f59-bd19-63ec46e96919-768x431.jpg 768w, https:\/\/www.speciamerica.org\/wp-content\/uploads\/2022\/12\/6052793d-3533-4f59-bd19-63ec46e96919-300x168.jpg 300w, https:\/\/www.speciamerica.org\/wp-content\/uploads\/2022\/12\/6052793d-3533-4f59-bd19-63ec46e96919-18x10.jpg 18w, https:\/\/www.speciamerica.org\/wp-content\/uploads\/2022\/12\/6052793d-3533-4f59-bd19-63ec46e96919.jpg 818w\" sizes=\"(max-width: 768px) 100vw, 768px\" \/>\t\t\t\t\t\t\t\t\t\t\t\t\t<\/div>\n\t\t\t\t<\/div>\n\t\t\t\t<div class=\"elementor-element elementor-element-7ac031f elementor-widget elementor-widget-spacer\" data-id=\"7ac031f\" data-element_type=\"widget\" data-widget_type=\"spacer.default\">\n\t\t\t\t<div class=\"elementor-widget-container\">\n\t\t\t<style>\/*! elementor - v3.19.0 - 28-02-2024 *\/\n.elementor-column .elementor-spacer-inner{height:var(--spacer-size)}.e-con{--container-widget-width:100%}.e-con-inner>.elementor-widget-spacer,.e-con>.elementor-widget-spacer{width:var(--container-widget-width,var(--spacer-size));--align-self:var(--container-widget-align-self,initial);--flex-shrink:0}.e-con-inner>.elementor-widget-spacer>.elementor-widget-container,.e-con>.elementor-widget-spacer>.elementor-widget-container{height:100%;width:100%}.e-con-inner>.elementor-widget-spacer>.elementor-widget-container>.elementor-spacer,.e-con>.elementor-widget-spacer>.elementor-widget-container>.elementor-spacer{height:100%}.e-con-inner>.elementor-widget-spacer>.elementor-widget-container>.elementor-spacer>.elementor-spacer-inner,.e-con>.elementor-widget-spacer>.elementor-widget-container>.elementor-spacer>.elementor-spacer-inner{height:var(--container-widget-height,var(--spacer-size))}.e-con-inner>.elementor-widget-spacer.elementor-widget-empty,.e-con>.elementor-widget-spacer.elementor-widget-empty{position:relative;min-height:22px;min-width:22px}.e-con-inner>.elementor-widget-spacer.elementor-widget-empty .elementor-widget-empty-icon,.e-con>.elementor-widget-spacer.elementor-widget-empty .elementor-widget-empty-icon{position:absolute;top:0;bottom:0;left:0;right:0;margin:auto;padding:0;width:22px;height:22px}<\/style>\t\t<div class=\"elementor-spacer\">\n\t\t\t<div class=\"elementor-spacer-inner\"><\/div>\n\t\t<\/div>\n\t\t\t\t<\/div>\n\t\t\t\t<\/div>\n\t\t\t\t\t<\/div>\n\t\t<\/div>\n\t\t\t\t\t<\/div>\n\t\t<\/section>\n\t\t\t\t<section class=\"elementor-section elementor-top-section elementor-element elementor-element-50c2bd2 elementor-section-boxed elementor-section-height-default elementor-section-height-default\" data-id=\"50c2bd2\" data-element_type=\"section\">\n\t\t\t\t\t\t<div class=\"elementor-container elementor-column-gap-default\">\n\t\t\t\t\t<div class=\"elementor-column elementor-col-100 elementor-top-column elementor-element elementor-element-8d8cc9b\" data-id=\"8d8cc9b\" data-element_type=\"column\">\n\t\t\t<div class=\"elementor-widget-wrap elementor-element-populated\">\n\t\t\t\t\t\t<section class=\"elementor-section elementor-inner-section elementor-element elementor-element-b727995 elementor-section-content-bottom elementor-section-boxed elementor-section-height-default elementor-section-height-default\" data-id=\"b727995\" data-element_type=\"section\">\n\t\t\t\t\t\t<div class=\"elementor-container elementor-column-gap-default\">\n\t\t\t\t\t<div class=\"elementor-column elementor-col-50 elementor-inner-column elementor-element elementor-element-56d2eb2\" data-id=\"56d2eb2\" data-element_type=\"column\">\n\t\t\t<div class=\"elementor-widget-wrap elementor-element-populated\">\n\t\t\t\t\t\t<div class=\"elementor-element elementor-element-2f9ae41 elementor-widget elementor-widget-heading\" data-id=\"2f9ae41\" data-element_type=\"widget\" data-widget_type=\"heading.default\">\n\t\t\t\t<div class=\"elementor-widget-container\">\n\t\t\t<style>\/*! elementor - v3.19.0 - 28-02-2024 *\/\n.elementor-heading-title{padding:0;margin:0;line-height:1}.elementor-widget-heading .elementor-heading-title[class*=elementor-size-]>a{color:inherit;font-size:inherit;line-height:inherit}.elementor-widget-heading .elementor-heading-title.elementor-size-small{font-size:15px}.elementor-widget-heading .elementor-heading-title.elementor-size-medium{font-size:19px}.elementor-widget-heading .elementor-heading-title.elementor-size-large{font-size:29px}.elementor-widget-heading .elementor-heading-title.elementor-size-xl{font-size:39px}.elementor-widget-heading .elementor-heading-title.elementor-size-xxl{font-size:59px}<\/style><h5 class=\"elementor-heading-title elementor-size-default\">La Premi\u00e8re \u00e9dition du Forum d\u2019Affaires et d\u2019Investissement C\u00f4te d\u2019Ivoire-Am\u00e9rique du Nord<\/h5>\t\t<\/div>\n\t\t\t\t<\/div>\n\t\t\t\t<div class=\"elementor-element elementor-element-62e14d9 elementor-widget elementor-widget-text-editor\" data-id=\"62e14d9\" data-element_type=\"widget\" data-widget_type=\"text-editor.default\">\n\t\t\t\t<div class=\"elementor-widget-container\">\n\t\t\t<style>\/*! elementor - v3.19.0 - 28-02-2024 *\/\n.elementor-widget-text-editor.elementor-drop-cap-view-stacked .elementor-drop-cap{background-color:#69727d;color:#fff}.elementor-widget-text-editor.elementor-drop-cap-view-framed .elementor-drop-cap{color:#69727d;border:3px solid;background-color:transparent}.elementor-widget-text-editor:not(.elementor-drop-cap-view-default) .elementor-drop-cap{margin-top:8px}.elementor-widget-text-editor:not(.elementor-drop-cap-view-default) .elementor-drop-cap-letter{width:1em;height:1em}.elementor-widget-text-editor .elementor-drop-cap{float:left;text-align:center;line-height:1;font-size:50px}.elementor-widget-text-editor .elementor-drop-cap-letter{display:inline-block}<\/style>\t\t\t\t<p>1er Forum d\u2019Affaires et d\u2019Investissements C\u00f4te d\u2019Ivoire-Am\u00e9rique du Nord que le Service de\nPromotion \u00c9conomique de la C\u00f4te d\u2019Ivoire aux Etats-Unis, au Canada et au Mexique (SPECI-\nUSA) a organis\u00e9 les 11 et 12 Novembre 2021 au Radisson Blu Hotel Abidjan Airport, sous le\nparrainage du Minist\u00e8re des Affaires Etrang\u00e8res de l\u2019Int\u00e9gration Africaine et de la Diaspora et\ndu Minist\u00e8re de l\u2019\u00c9conomie et des Finances.<\/p><p>Cette importante rencontre a \u00e9t\u00e9 organis\u00e9e par le Minist\u00e8re d\u2019Etat, Minist\u00e8re des Affaires\nEtrang\u00e8res, de l\u2019Int\u00e9gration Africaines et de la Diaspora, le Minist\u00e8re de l\u2019Economie et des\nFinances en collaboration avec le Service de Promotion Economique de la C\u00f4te d\u2019Ivoire aux\nEtats-Unis, le Canada et le Mexique.<\/p><p>Elle a enregistr\u00e9 la participation de plusieurs personnalit\u00e9s ivoiriennes, notamment Madame Kandia KAMISSOKO CAMARA, Ministre d\u2019Etat, Ministre des Affaires Etrang\u00e8res, de l\u2019Int\u00e9gration Africaine et de la Diaspora, Monsieur Emmanuel ESMEL ESSIS, Ministre de la Promotion et du D\u00e9veloppement du Secteur Priv\u00e9, Monsieur Souleymane DIARRASSOUBA, Ministre du Commerce et de l\u2019Industrie, Madame Nial\u00e9 KABA, Ministre du Plan et du\nD\u00e9veloppement<\/p>\t\t\t\t\t\t<\/div>\n\t\t\t\t<\/div>\n\t\t\t\t\t<\/div>\n\t\t<\/div>\n\t\t\t\t<div class=\"elementor-column elementor-col-50 elementor-inner-column elementor-element elementor-element-a598918\" data-id=\"a598918\" data-element_type=\"column\">\n\t\t\t<div class=\"elementor-widget-wrap elementor-element-populated\">\n\t\t\t\t\t\t<div class=\"elementor-element elementor-element-901fe29 elementor-widget elementor-widget-text-editor\" data-id=\"901fe29\" data-element_type=\"widget\" data-widget_type=\"text-editor.default\">\n\t\t\t\t<div class=\"elementor-widget-container\">\n\t\t\t\t\t\t\t<p>Leurs Excellences Messieurs Richard K. BELL, Ambassadeur des Etats-Unis en C\u00f4te d\u2019Ivoire,\nClaude DEMERS, Ambassadeur du Canada en C\u00f4te d\u2019Ivoire, Baf\u00e9tigu\u00e9 OUATTARA, Ambassadeur de C\u00f4te d\u2019Ivoire au Canada, les op\u00e9rateurs \u00e9conomiques ivoiriens et des repr\u00e9sentants des organisations internationales ont \u00e9galement pris part \u00e0 cette rencontre<\/p><p>La d\u00e9l\u00e9gation Nord-Am\u00e9ricaine \u00e9tait compos\u00e9e d\u2019une cinquantaine d\u2019hommes d\u2019affaires et d\u2019investisseurs conduite par Son Excellence Monsieur Inza CAMARA, Ambassadeur, D\u00e9l\u00e9gu\u00e9\nG\u00e9n\u00e9ral du Service de Promotion Economique de la C\u00f4te d\u2019Ivoire aux Etats-Unis, le Canada et le Mexique.<\/p>\t\t\t\t\t\t<\/div>\n\t\t\t\t<\/div>\n\t\t\t\t<div class=\"elementor-element elementor-element-e1dfc43 elementor-widget elementor-widget-heading\" data-id=\"e1dfc43\" data-element_type=\"widget\" data-widget_type=\"heading.default\">\n\t\t\t\t<div class=\"elementor-widget-container\">\n\t\t\t<h5 class=\"elementor-heading-title elementor-size-default\">Les retomb\u00e9es.<\/h5>\t\t<\/div>\n\t\t\t\t<\/div>\n\t\t\t\t<div class=\"elementor-element elementor-element-0aff591 elementor-widget elementor-widget-text-editor\" data-id=\"0aff591\" data-element_type=\"widget\" data-widget_type=\"text-editor.default\">\n\t\t\t\t<div class=\"elementor-widget-container\">\n\t\t\t\t\t\t\t<p>A l\u2019issue de cet \u00e9v\u00e8nement, le gouvernement a adress\u00e9 une d\u00e9claration d\u2019int\u00e9r\u00eat \u00e0 l\u2019ensemble\nde la d\u00e9l\u00e9gation nord-am\u00e9ricaine. Par ailleurs deux entreprises ont sign\u00e9 un M\u00e9morandum\nd\u2019accord avec le Minist\u00e8re d\u2019Etat, Minist\u00e8re des Affaires Etrang\u00e8res, de l\u2019Int\u00e9gration Africaines\net de la Diaspora.<\/p>\t\t\t\t\t\t<\/div>\n\t\t\t\t<\/div>\n\t\t\t\t\t<\/div>\n\t\t<\/div>\n\t\t\t\t\t<\/div>\n\t\t<\/section>\n\t\t\t\t\t<\/div>\n\t\t<\/div>\n\t\t\t\t\t<\/div>\n\t\t<\/section>\n\t\t\t\t<\/div>","protected":false},"excerpt":{"rendered":"<p>The first edition of the C\u00f4te d&#39;Ivoire-North America Business and Investment Forum. The C\u00f4te d&#8217;Ivoire-North America Business and Investment Forum, which took place at the Radisson Blu Hotel, Abidjan Airport, on November 11-12, 2021, was organized by the Economic Promotion Office of C\u00f4te d&#8217;Ivoire in the United States, Canada, and Mexico (SPECI) in collaboration with [&hellip;]<\/p>","protected":false},"author":1,"featured_media":0,"parent":0,"menu_order":0,"comment_status":"closed","ping_status":"closed","template":"","meta":{"footnotes":""},"_links":{"self":[{"href":"https:\/\/www.speciamerica.org\/fr\/wp-json\/wp\/v2\/pages\/91"}],"collection":[{"href":"https:\/\/www.speciamerica.org\/fr\/wp-json\/wp\/v2\/pages"}],"about":[{"href":"https:\/\/www.speciamerica.org\/fr\/wp-json\/wp\/v2\/types\/page"}],"author":[{"embeddable":true,"href":"https:\/\/www.speciamerica.org\/fr\/wp-json\/wp\/v2\/users\/1"}],"replies":[{"embeddable":true,"href":"https:\/\/www.speciamerica.org\/fr\/wp-json\/wp\/v2\/comments?post=91"}],"version-history":[{"count":4,"href":"https:\/\/www.speciamerica.org\/fr\/wp-json\/wp\/v2\/pages\/91\/revisions"}],"predecessor-version":[{"id":894,"href":"https:\/\/www.speciamerica.org\/fr\/wp-json\/wp\/v2\/pages\/91\/revisions\/894"}],"wp:attachment":[{"href":"https:\/\/www.speciamerica.org\/fr\/wp-json\/wp\/v2\/media?parent=91"}],"curies":[{"name":"wp","href":"https:\/\/api.w.org\/{rel}","templated":true}]}}

<div data-elementor-type="wp-page" data-elementor-id="91" class="elementor elementor-91">
						<section class="elementor-section elementor-top-section elementor-element elementor-element-4a44d55 elementor-section-full_width elementor-section-height-default elementor-section-height-default" data-id="4a44d55" data-element_type="section">
						<div class="elementor-container elementor-column-gap-default">
					<div class="elementor-column elementor-col-100 elementor-top-column elementor-element elementor-element-c55ef49" data-id="c55ef49" data-element_type="column">
			<div class="elementor-widget-wrap elementor-element-populated">
						<div class="elementor-element elementor-element-0c07cff elementor-widget elementor-widget-image" data-id="0c07cff" data-element_type="widget" data-widget_type="image.default">
				<div class="elementor-widget-container">
			<style>/*! elementor - v3.19.0 - 28-02-2024 */
.elementor-widget-image{text-align:center}.elementor-widget-image a{display:inline-block}.elementor-widget-image a img[src$=".svg"]{width:48px}.elementor-widget-image img{vertical-align:middle;display:inline-block}</style>										<img fetchpriority="high" decoding="async" width="768" height="431" src="https://www.speciamerica.org/wp-content/uploads/2022/12/6052793d-3533-4f59-bd19-63ec46e96919-768x431.jpg" class="attachment-medium_large size-medium_large wp-image-891" alt="" srcset="https://www.speciamerica.org/wp-content/uploads/2022/12/6052793d-3533-4f59-bd19-63ec46e96919-768x431.jpg 768w, https://www.speciamerica.org/wp-content/uploads/2022/12/6052793d-3533-4f59-bd19-63ec46e96919-300x168.jpg 300w, https://www.speciamerica.org/wp-content/uploads/2022/12/6052793d-3533-4f59-bd19-63ec46e96919-18x10.jpg 18w, https://www.speciamerica.org/wp-content/uploads/2022/12/6052793d-3533-4f59-bd19-63ec46e96919.jpg 818w" sizes="(max-width: 768px) 100vw, 768px" />													</div>
				</div>
				<div class="elementor-element elementor-element-7ac031f elementor-widget elementor-widget-spacer" data-id="7ac031f" data-element_type="widget" data-widget_type="spacer.default">
				<div class="elementor-widget-container">
			<style>/*! elementor - v3.19.0 - 28-02-2024 */
.elementor-column .elementor-spacer-inner{height:var(--spacer-size)}.e-con{--container-widget-width:100%}.e-con-inner>.elementor-widget-spacer,.e-con>.elementor-widget-spacer{width:var(--container-widget-width,var(--spacer-size));--align-self:var(--container-widget-align-self,initial);--flex-shrink:0}.e-con-inner>.elementor-widget-spacer>.elementor-widget-container,.e-con>.elementor-widget-spacer>.elementor-widget-container{height:100%;width:100%}.e-con-inner>.elementor-widget-spacer>.elementor-widget-container>.elementor-spacer,.e-con>.elementor-widget-spacer>.elementor-widget-container>.elementor-spacer{height:100%}.e-con-inner>.elementor-widget-spacer>.elementor-widget-container>.elementor-spacer>.elementor-spacer-inner,.e-con>.elementor-widget-spacer>.elementor-widget-container>.elementor-spacer>.elementor-spacer-inner{height:var(--container-widget-height,var(--spacer-size))}.e-con-inner>.elementor-widget-spacer.elementor-widget-empty,.e-con>.elementor-widget-spacer.elementor-widget-empty{position:relative;min-height:22px;min-width:22px}.e-con-inner>.elementor-widget-spacer.elementor-widget-empty .elementor-widget-empty-icon,.e-con>.elementor-widget-spacer.elementor-widget-empty .elementor-widget-empty-icon{position:absolute;top:0;bottom:0;left:0;right:0;margin:auto;padding:0;width:22px;height:22px}</style>		<div class="elementor-spacer">
			<div class="elementor-spacer-inner"></div>
		</div>
				</div>
				</div>
					</div>
		</div>
					</div>
		</section>
				<section class="elementor-section elementor-top-section elementor-element elementor-element-50c2bd2 elementor-section-boxed elementor-section-height-default elementor-section-height-default" data-id="50c2bd2" data-element_type="section">
						<div class="elementor-container elementor-column-gap-default">
					<div class="elementor-column elementor-col-100 elementor-top-column elementor-element elementor-element-8d8cc9b" data-id="8d8cc9b" data-element_type="column">
			<div class="elementor-widget-wrap elementor-element-populated">
						<section class="elementor-section elementor-inner-section elementor-element elementor-element-b727995 elementor-section-content-bottom elementor-section-boxed elementor-section-height-default elementor-section-height-default" data-id="b727995" data-element_type="section">
						<div class="elementor-container elementor-column-gap-default">
					<div class="elementor-column elementor-col-50 elementor-inner-column elementor-element elementor-element-56d2eb2" data-id="56d2eb2" data-element_type="column">
			<div class="elementor-widget-wrap elementor-element-populated">
						<div class="elementor-element elementor-element-2f9ae41 elementor-widget elementor-widget-heading" data-id="2f9ae41" data-element_type="widget" data-widget_type="heading.default">
				<div class="elementor-widget-container">
			<style>/*! elementor - v3.19.0 - 28-02-2024 */
.elementor-heading-title{padding:0;margin:0;line-height:1}.elementor-widget-heading .elementor-heading-title[class*=elementor-size-]>a{color:inherit;font-size:inherit;line-height:inherit}.elementor-widget-heading .elementor-heading-title.elementor-size-small{font-size:15px}.elementor-widget-heading .elementor-heading-title.elementor-size-medium{font-size:19px}.elementor-widget-heading .elementor-heading-title.elementor-size-large{font-size:29px}.elementor-widget-heading .elementor-heading-title.elementor-size-xl{font-size:39px}.elementor-widget-heading .elementor-heading-title.elementor-size-xxl{font-size:59px}</style><h5 class="elementor-heading-title elementor-size-default">La Première édition du Forum d’Affaires et d’Investissement Côte d’Ivoire-Amérique du Nord</h5>		</div>
				</div>
				<div class="elementor-element elementor-element-62e14d9 elementor-widget elementor-widget-text-editor" data-id="62e14d9" data-element_type="widget" data-widget_type="text-editor.default">
				<div class="elementor-widget-container">
			<style>/*! elementor - v3.19.0 - 28-02-2024 */
.elementor-widget-text-editor.elementor-drop-cap-view-stacked .elementor-drop-cap{background-color:#69727d;color:#fff}.elementor-widget-text-editor.elementor-drop-cap-view-framed .elementor-drop-cap{color:#69727d;border:3px solid;background-color:transparent}.elementor-widget-text-editor:not(.elementor-drop-cap-view-default) .elementor-drop-cap{margin-top:8px}.elementor-widget-text-editor:not(.elementor-drop-cap-view-default) .elementor-drop-cap-letter{width:1em;height:1em}.elementor-widget-text-editor .elementor-drop-cap{float:left;text-align:center;line-height:1;font-size:50px}.elementor-widget-text-editor .elementor-drop-cap-letter{display:inline-block}</style>				<p>1er Forum d’Affaires et d’Investissements Côte d’Ivoire-Amérique du Nord que le Service de
Promotion Économique de la Côte d’Ivoire aux Etats-Unis, au Canada et au Mexique (SPECI-
USA) a organisé les 11 et 12 Novembre 2021 au Radisson Blu Hotel Abidjan Airport, sous le
parrainage du Ministère des Affaires Etrangères de l’Intégration Africaine et de la Diaspora et
du Ministère de l’Économie et des Finances.</p><p>Cette importante rencontre a été organisée par le Ministère d’Etat, Ministère des Affaires
Etrangères, de l’Intégration Africaines et de la Diaspora, le Ministère de l’Economie et des
Finances en collaboration avec le Service de Promotion Economique de la Côte d’Ivoire aux
Etats-Unis, le Canada et le Mexique.</p><p>Elle a enregistré la participation de plusieurs personnalités ivoiriennes, notamment Madame Kandia KAMISSOKO CAMARA, Ministre d’Etat, Ministre des Affaires Etrangères, de l’Intégration Africaine et de la Diaspora, Monsieur Emmanuel ESMEL ESSIS, Ministre de la Promotion et du Développement du Secteur Privé, Monsieur Souleymane DIARRASSOUBA, Ministre du Commerce et de l’Industrie, Madame Nialé KABA, Ministre du Plan et du
Développement</p>						</div>
				</div>
					</div>
		</div>
				<div class="elementor-column elementor-col-50 elementor-inner-column elementor-element elementor-element-a598918" data-id="a598918" data-element_type="column">
			<div class="elementor-widget-wrap elementor-element-populated">
						<div class="elementor-element elementor-element-901fe29 elementor-widget elementor-widget-text-editor" data-id="901fe29" data-element_type="widget" data-widget_type="text-editor.default">
				<div class="elementor-widget-container">
							<p>Leurs Excellences Messieurs Richard K. BELL, Ambassadeur des Etats-Unis en Côte d’Ivoire,
Claude DEMERS, Ambassadeur du Canada en Côte d’Ivoire, Bafétigué OUATTARA, Ambassadeur de Côte d’Ivoire au Canada, les opérateurs économiques ivoiriens et des représentants des organisations internationales ont également pris part à cette rencontre</p><p>La délégation Nord-Américaine était composée d’une cinquantaine d’hommes d’affaires et d’investisseurs conduite par Son Excellence Monsieur Inza CAMARA, Ambassadeur, Délégué
Général du Service de Promotion Economique de la Côte d’Ivoire aux Etats-Unis, le Canada et le Mexique.</p>						</div>
				</div>
				<div class="elementor-element elementor-element-e1dfc43 elementor-widget elementor-widget-heading" data-id="e1dfc43" data-element_type="widget" data-widget_type="heading.default">
				<div class="elementor-widget-container">
			<h5 class="elementor-heading-title elementor-size-default">Les retombées.</h5>		</div>
				</div>
				<div class="elementor-element elementor-element-0aff591 elementor-widget elementor-widget-text-editor" data-id="0aff591" data-element_type="widget" data-widget_type="text-editor.default">
				<div class="elementor-widget-container">
							<p>A l’issue de cet évènement, le gouvernement a adressé une déclaration d’intérêt à l’ensemble
de la délégation nord-américaine. Par ailleurs deux entreprises ont signé un Mémorandum
d’accord avec le Ministère d’Etat, Ministère des Affaires Etrangères, de l’Intégration Africaines
et de la Diaspora.</p>						</div>
				</div>
					</div>
		</div>
					</div>
		</section>
					</div>
		</div>
					</div>
		</section>
				</div>

<p>The first edition of the Côte d&#39;Ivoire-North America Business and Investment Forum. The Côte d&#8217;Ivoire-North America Business and Investment Forum, which took place at the Radisson Blu Hotel, Abidjan Airport, on November 11-12, 2021, was organized by the Economic Promotion Office of Côte d&#8217;Ivoire in the United States, Canada, and Mexico (SPECI) in collaboration with [&hellip;]</p>
